n base 16, what is 27 - 16?
11
In base 14, what is 4 - -10?
14
In base 9, what is -1 + -1607?
-1608
In base 5, what is -3 + 201203?
201200
In base 11, what is 16 + -4?
12
In base 7, what is 0 - 16?
-16
In base 13, what is 5 + 111?
116
In base 14, what is 0 + 5b?
5b
In base 3, what is 20222 - -12?
21011
In base 3, what is -120 + -21211?
-22101
In base 16, what is a + -13?
-9
In base 15, what is -6 + -16?
-1c
In base 13, what is -4a - 4?
-51
In base 5, what is 102 - -13?
120
In base 7, what is -150 - -241?
61
In base 14, what is 3144 + 3?
3147
In base 13, what is -1 - 6?
-7
In base 12, what is -1a + -8?
-26
In base 14, what is -8 - -67?
5d
In base 11, what is -25 + -4?
-29
In base 14, what is -8 - -a6?
9c
In base 11, what is -4 + -29a9?
-2a02
In base 12, what is -105 + 5?
-100
In base 9, what is 0 + -1161?
-1161
In base 3, what is 101 - -2?
110
In base 3, what is 1012 + -2?
1010
In base 13, what is 1 - 128?
-127
In base 10, what is 8 + 137?
145
In base 10, what is -3217 + 4?
-3213
In base 5, what is 1221 - -4?
1230
In base 5, what is 324 + -103?
221
In base 13, what is 1 + -3755?
-3754
In base 5, what is 0 - -20433?
20433
In base 8, what is -4203 - 5?
-4210
In base 9, what is -21 - 24?
-45
In base 14, what is 1c9 + 11?
1da
In base 13, what is -735 - -8?
-72a
In base 12, what is 4 + 16?
1a
In base 12, what is -23 - -7b?
58
In base 5, what is -3 - -24244?
24241
In base 3, what is 0 + -1002?
-1002
In base 9, what is -4031 - -5?
-4025
In base 8, what is 6 + 77?
105
In base 15, what is 4 - -122?
126
In base 15, what is 4 + -1e?
-1a
In base 14, what is 14 + -1ca?
-1b6
In base 14, what is -321 + -6?
-327
In base 10, what is 3 - -540?
543
In base 7, what is -40 - 35?
-105
In base 16, what is c - -301?
30d
In base 4, what is 3013 - 11?
3002
In base 16, what is -2 - -30b?
309
In base 13, what is 346 - 5?
341
In base 13, what is 5 - 1a6?
-1a1
In base 10, what is -11 - -10?
-1
In base 11, what is 2 - -5?
7
In base 15, what is db + 58?
144
In base 4, what is 10 - -2332?
3002
In base 7, what is -4 - -2025?
2021
In base 15, what is 3 + 12?
15
In base 16, what is -b6 + -5?
-bb
In base 16, what is 130 + -5?
12b
In base 10, what is -101 + 5?
-96
In base 15, what is 2 - -6b?
6d
In base 15, what is -11c + 3?
-119
In base 4, what is -30313 - 0?
-30313
In base 10, what is 390 + 16?
406
In base 12, what is 5 + 16b8?
1701
In base 3, what is 12 - -120?
202
In base 7, what is 36604 + -2?
36602
In base 8, what is 53 + -62?
-7
In base 6, what is 3 + -222?
-215
In base 6, what is -2313 - 1?
-2314
In base 4, what is -1 + 111?
110
In base 9, what is 50 - 2?
47
In base 12, what is 168 - 0?
168
In base 9, what is 3 - -1457?
1461
In base 2, what is -1111010001 + -1001?
-1111011010
In base 15, what is 161 + -2d?
133
In base 2, what is 1 - 10101?
-10100
In base 16, what is -ab + -10?
-bb
In base 13, what is 1 - -291?
292
In base 11, what is -3 - -76?
73
In base 7, what is -22 - -14?
-5
In base 4, what is 0 - 20110?
-20110
In base 9, what is -3 + 2367?
2364
In base 8, what is 202 - 0?
202
In base 15, what is -8 + -5?
-d
In base 5, what is -42324 - -12?
-42312
In base 14, what is -2 + -50?
-52
In base 14, what is 5 - -9b3?
9b8
In base 13, what is 3 + 46?
49
In base 4, what is 30 + -2302?
-2212
In base 8, what is -657 + -64?
-743
In base 2, what is 101 - -11111?
100100
In base 16, what is -1c33 + 1?
-1c32
In base 16, what is -1cf - 2?
-1d1
In base 13, what is 10 + -60?
-50
In base 10, what is -129 + 29?
-100
In base 13, what is -5 - -74?
6c
In base 14, what is -691 + 4?
-68b
In base 12, what is 0 + -7a9?
-7a9
In base 13, what is 63 - -1?
64
In base 11, what is 3 + -24?
-21
In base 7, what is 3 - -3130?
3133
In base 15, what is 8 + -3?
5
In base 3, what is -201 + 122010?
121102
In base 11, what is 2 + 1044?
1046
In base 9, what is 53 + 377?
441
In base 6, what is -13031 + -4?
-13035
In base 2, what is 101 - -1000101111010?
1000101111111
In base 6, what is -3 + 1012?
1005
In base 10, what is 2 - 156?
-154
In base 13, what is -2c6 + -2?
-2c8
In base 9, what is 1032 + -21?
1011
In base 9, what is -46 - 13?
-60
In base 13, what is 628 - -4?
62c
In base 9, what is 272 - -2?
274
In base 11, what is 78 + -4?
74
In base 8, what is -3 - 11?
-14
In base 14, what is 33 + -141?
-10c
In base 6, what is -212 - -14?
-154
In base 15, what is 28 + 13?
3b
In base 3, what is 2110 + -12?
2021
In base 10, what is -18 + 7?
-11
In base 3, what is -11 + 201?
120
In base 11, what is 123a - -1?
1240
In base 6, what is 0 - -410?
410
In base 6, what is 520 - -33?
553
In base 2, what is -1010001 - 0?
-1010001
In base 6, what is -11133 - -4?
-11125
In base 12, what is -2 + 63?
61
In base 10, what is 89 + 5?
94
In base 5, what is 2131 + 41?
2222
In base 6, what is 343 + 123?
510
In base 13, what is 273 - 1?
272
In base 4, what is -202311 + 2?
-202303
In base 8, what is 3 + 3747?
3752
In base 2, what is -11 - -10111?
10100
In base 15, what is 1 + 0?
1
In base 10, what is 2 - 538?
-536
In base 14, what is 2 - -745?
747
In base 15, what is 0 - ba?
-ba
In base 7, what is 6 - 61?
-52
In base 15, what is 18 + -2b?
-13
In base 16, what is 2d5 + 0?
2d5
In base 14, what is -28cb + 3?
-28c8
In base 3, what is -1 - 100012?
-100020
In base 15, what is 6a1 - 4?
69c
In base 6, what is 10302 + -3?
10255
In base 5, what is -121 - 101?
-222
In base 7, what is -103566 + -5?
-103604
In base 12, what is -b32 - -1?
-b31
In base 2, what is -100 + -101000011?
-101000111
In base 13, what is 202 - 0?
202
In base 16, what is -c0 - 4?
-c4
In base 5, what is 4 - -400?
404
In base 16, what is bb - -b?
c6
In base 2, what is 1110 + 1110?
11100
In base 9, what is -35 + 0?
-35
In base 6, what is -23 - 3232?
-3255
In base 9, what is -614 - 0?
-614
In base 11, what is -239 + 7?
-232
In base 12, what is -4 + 374?
370
In base 6, what is -4102 - 1?
-4103
In base 6, what is -3 + 10121?
10114
In base 10, what is -21 + 35?
14
In base 6, what is 3 + -2?
1
In base 5, what is 2 - -142?
144
In base 15, what is 2 - 17?
-15
In base 13, what is -84 - -1?
-83
In base 4, what is 321 + 1111?
2032
In base 10, what is -1 + 17?
16
In base 10, what is 7 - 8?
-1
In base 10, what is -3 + -30?
-33
In base 8, what is -3 - -56?
53
In base 16, what is -5 + 37?
32
In base 14, what is 821 + -4?
81b
In base 11, what is 8 + 21?
29
In base 11, what is -2470 + 1?
-246a
In base 15, what is a4 + a?
ae
In base 11, what is -298 + -1?
-299
In base 8, what is -5 + -3164?
-3171
In base 4, what is -12113 + 11?
-12102
In base 7, what is -40164 + -2?
-40166
In base 3, what is 11 + -100100?
-100012
In base 11, what is 55 - 149?
-a4
In base 13, what is 3 + 1?
4
In base 13, what is 1b3 + -3?
1b0
In base 15, what is 4 + -1190?
-118b
In base 8, what is 3 + -137?
-134
In base 10, what is 4079 + -3?
4076
In base 2, what is 110 - 11011?
-10101
In base 11, what is 2 + 861?
863
In base 2, what is 101010011 + 1101?
101100000
In base 16, what is 3 + 769?
76c
In base 8, what is 3 - 1051?
-1046
In base 8, what is -1564 - 16?
-1602
In base 13, what is 357 - 6?
351
In base 16, what is 16 - 166?
-150
In base 5, what is -11 - 142?
-203
In base 2, what is 1000111 - 100000?
100111
In base 3, what is -122 - -12?
-110
In base 2, what is 100 + 1011?
1111
In base 4, what is 12 - 10?
2
In base 3, what is 11 - 110?
-22
In base 14, what is 0 + -1d3?
-1d3
In base 6, what is -101305 + 2?
-101303
In base 4, what is -10 + 1003031?
1003021
In base 15, what is 34 + 44?
78
In base 11, what is 5 + -30?
-26
In base 15, what is -3 - -9?
6
In base 2, what is -101 - 111100?
-1000001
In base 5, what is 10 - 1434?
-1424
In base 4, what is 22012 - -2?
22020
In base 7, what is 3 + -412?
-406
In base 12, what is -3415 - 4?
-3419
In base 2, what is 11 + 1011100001?
1011100100
In base 4, what is 1303 + 1?
1310
In base 16, what is -90 - c?
-9c
In base 12, what is 1 + 11?
12
In base 9, what is 176 + -21?
155
In base 16, what is 2 + 81?
83
In base 10, what is -947 - -2?
-945
In base 15, what is 14 - -2d3?
2e7
In base 12, what is -12 - -5?
-9
In base 9, what is 558 - -3?
562
In base 8, what is -13 - 20?
-33
In base 10, what is -140 + 2?
-138
In base 8, what is -100 + 3?
-75
In base 2, what is -10 - -101111100000?
101111011110
In base 12, what is 5 - 1649?
-1644
In base 11, what is 112 - 0?
112
In base 2, what is 1011010111000 + 11?
10